 554431
What are the prime factors of 11095554?
2, 3, 1849259
List the prime factors of 528710.
2, 5, 7, 13, 83
List the prime factors of 306566.
2, 13, 907
What are the prime factors of 21801920?
2, 5, 7, 9733
What are the prime factors of 2946783?
3, 7, 23, 6101
List the prime factors of 209869.
11, 19079
List the prime factors of 31153.
31153
What are the prime factors of 93164?
2, 23291
List the prime factors of 23629693.
29, 571, 1427
What are the prime factors of 10088176?
2, 7, 90073
What are the prime factors of 535977?
3, 13, 509
List the prime factors of 9280440.
2, 3, 5, 13, 661
What are the prime factors of 9210428?
2, 43, 53549
What are the prime factors of 364483?
7, 52069
What are the prime factors of 381087?
3, 7, 23, 263
List the prime factors of 244600.
2, 5, 1223
What are the prime factors of 930084?
2, 3, 179, 433
What are the prime factors of 24466283?
24466283
What are the prime factors of 162515?
5, 32503
What are the prime factors of 331963?
29, 11447
What are the prime factors of 13095924?
2, 3, 23, 2063
What are the prime factors of 601928?
2, 67, 1123
What are the prime factors of 488266?
2, 241, 1013
What are the prime factors of 267208?
2, 127, 263
List the prime factors of 1055791.
11, 41, 2341
List the prime factors of 198393.
3, 13, 5087
What are the prime factors of 8575312?
2, 535957
What are the prime factors of 200265?
3, 5, 13, 79
What are the prime factors of 1032214?
2, 47, 79, 139
What are the prime factors of 8698149?
3, 47, 20563
What are the prime factors of 24492071?
653, 37507
What are the prime factors of 1218185?
5, 19, 12823
List the prime factors of 25032309.
3, 593, 14071
What are the prime factors of 176237?
176237
List the prime factors of 10820005.
5, 7, 23, 13441
What are the prime factors of 11247099?
3, 29, 129277
List the prime factors of 2017884.
2, 3, 11, 15287
What are the prime factors of 56541?
3, 47, 401
What are the prime factors of 613579?
263, 2333
What are the prime factors of 70676?
2, 17669
What are the prime factors of 5167240?
2, 5, 13, 19, 523
What are the prime factors of 14753761?
11, 157, 8543
What are the prime factors of 38434997?
149, 257953
List the prime factors of 2142429.
3, 714143
List the prime factors of 2200237.
13, 169249
What are the prime factors of 299053?
299053
List the prime factors of 188427.
3, 107, 587
What are the prime factors of 55591?
23, 2417
What are the prime factors of 3278028?
2, 3, 13, 21013
What are the prime factors of 97485?
3, 5, 67, 97
List the prime factors of 54823.
73, 751
What are the prime factors of 235968?
2, 3, 1229
What are the prime factors of 7466552?
2, 933319
What are the prime factors of 893202?
2, 3, 148867
List the prime factors of 88575.
3, 5, 1181
List the prime factors of 62438.
2, 31219
What are the prime factors of 217967?
37, 43, 137
List the prime factors of 7634583.
3, 11, 67, 1151
List the prime factors of 315558.
2, 3, 47, 373
What are the prime factors of 6050699?
109, 55511
List the prime factors of 978536.
2, 13, 97
What are the prime factors of 21167690?
2, 5, 1439, 1471
What are the prime factors of 289577?
289577
List the prime factors of 57289.
59, 971
List the prime factors of 1880520.
2, 3, 5, 15671
List the prime factors of 10608091.
13, 359, 2273
What are the prime factors of 4928423?
593, 8311
What are the prime factors of 360136?
2, 7, 59, 109
List the prime factors of 2684515.
5, 137, 3919
List the prime factors of 1335939.
3, 11, 40483
List the prime factors of 11570654.
2, 257, 22511
List the prime factors of 6127051.
7, 137, 6389
What are the prime factors of 6050591?
6050591
What are the prime factors of 7113?
3, 2371
List the prime factors of 3247556.
2, 13, 19, 173
What are the prime factors of 2783734?
2, 43, 32369
What are the prime factors of 800809?
71, 11279
What are the prime factors of 1968650?
2, 5, 39373
What are the prime factors of 1580670?
2, 3, 5, 7, 13, 193
List the prime factors of 822509.
107, 7687
What are the prime factors of 4236282?
2, 3, 235349
List the prime factors of 328665.
3, 5, 21911
What are the prime factors of 65966?
2, 32983
List the prime factors of 279296.
2, 1091
List the prime factors of 7916664.
2, 3, 7, 47123
What are the prime factors of 1584035?
5, 41, 7727
What are the prime factors of 3792983?
3792983
What are the prime factors of 3929572?
2, 982393
What are the prime factors of 171499?
149, 1151
What are the prime factors of 2120012?
2, 617, 859
List the prime factors of 2650799.
2650799
List the prime factors of 646896.
2, 3, 13477
List the prime factors of 3290539.
7, 470077
List the prime factors of 192718.
2, 167, 577
What are the prime factors of 391871?
31, 12641
List the prime factors of 7890218.
2, 7, 563587
What are the prime factors of 4179?
3, 7, 199
What are the prime factors of 2561348?
2, 241, 2657
What are the prime factors of 1019090?
2, 5, 101, 1009
List the prime factors of 19987931.
29, 61, 11299
List the prime factors of 7144896.
2, 3, 11, 17, 199
List the prime factors of 232468.
2, 89, 653
What are the prime factors of 10532099?
19, 151, 3671
What are the prime factors of 550930?
2, 5, 37, 1489
List the prime factors of 6941250.
2, 3, 5, 617
What are the prime factors of 2581981?
1453, 1777
List the prime factors of 459588.
2, 3, 38299
List the prime factors of 2058206.
2, 1029103
What are the prime factors of 96489?
3, 71, 151
What are the prime factors of 431891?
431891
List the prime factors of 21215.
5, 4243
List the prime factors of 67682.
2, 43, 787
List the prime factors of 13312269.
3, 2029
List the prime factors of 219566.
2, 311, 353
What are the prime factors of 401411?
401411
List the prime factors of 3822485.
5, 23, 43, 773
List the prime factors of 1695656.
2, 79, 2683
List the prime factors of 1136062.
2, 23, 24697
List the prime factors of 4885991.
11, 444181
What are the prime factors of 1207037?
13, 92849
What are the prime factors of 3638844?
2, 3, 11, 1021
What are the prime factors of 10145118?
2, 3, 1690853
What are the prime factors of 2857065?
3, 5, 190471
List the prime factors of 371043.
3, 41227
List the prime factors of 354889.
367, 967
List the prime factors of 8208221.
7, 47, 61, 409
List the prime factors of 324273.
3, 19, 5689
What are the prime factors of 159838?
2, 7, 233
List the prime factors of 41403.
3, 37, 373
List the prime factors of 313624.
2, 197, 199
List the prime factors of 7681188.
2, 3, 640099
List the prime factors of 203275.
5, 47, 173
List the prime factors of 28749021.
3, 7, 449, 3049
List the prime factors of 762044.
2, 59, 3229
What are the prime factors of 16947223?
29, 584387
List the prime factors of 479954.
2, 239977
List the prime factors of 486001.
19, 25579
List the prime factors of 1666495.
5, 333299
What are the prime factors of 286037?
31, 9227
List the prime factors of 68409.
3, 11, 691
What are the prime factors of 25488656?
2, 293, 5437
What are the prime factors of 247126?
2, 11, 47, 239
List the prime factors of 14288.
2, 19, 47
What are the prime factors of 2826558?
2, 3, 7, 22433
What are the prime factors of 5070227?
5070227
What are the prime factors of 13303517?
1753, 7589
List the prime factors of 819408.
2, 3, 43, 397
What are the prime factors of 5297388?
2, 3, 441449
List the prime factors of 2358817.
467, 5051
List the prime factors of 166331.
11, 15121
List the prime factors of 62958.
2, 3, 7, 1499
List the prime factors of 5077143.
3, 564127
List the prime factors of 245189.
7, 35027
What are the prime factors of 17178177?
3, 17, 336827
List the prime factors of 239592.
2, 3, 67, 149
List the prime factors of 338729.
47, 7207
List the prime factors of 317668.
2, 13, 41, 149
List the prime factors of 146930.
2, 5, 7, 2099
List the prime factors of 17815.
5, 7, 509
List the prime factors of 984335.
5, 11, 1627
List the prime factors of 14501016.
2, 3, 201403
List the prime factors of 13486935.
3, 5, 7, 11, 11677
List the prime factors of 803669.
803669
What are the prime factors of 1462910?
2, 5, 146291
List the prime factors of 251827.
23, 10949
List the prime factors of 15861016.
2, 1982627
List the prime factors of 256825.
5, 10273
List the prime factors of 70031.
13, 5387
List the prime factors of 290456.
2, 36307
What are the prime factors